nd derivative of -11*b**4/12 + 15*b**2/2 - 3*b. Suppose -13 - 5 = 3*x. Let s(g) = -5*g**2 + 7. Let h(a) = x*t(a) + 13*s(a). Give h(0).
1
Let y(b) = b**3 - 4*b**2 + 4. Let a = -57 + 61. Calculate y(a).
4
Let b(n) = n**2 - 3*n + 1. Let m(a) = -a. Let r(i) = -b(i) + m(i). Determine r(-2).
-9
Let u(i) be the first derivative of -3*i**2/2 + i + 35. Calculate u(7).
-20
Let u = 14 + -12. Let t = 2 - u. Let r(z) = -z + 5. Give r(t).
5
Let v(p) = -8*p + 3 - p**2 + 2*p + 0*p**2. Let i = -13 - -8. Determine v(i).
8
Let w(f) = 3*f**2 - 4*f - 3. Let s(t) = t + 1. Let r(p) = -2*s(p) - w(p). What is r(-1)?
-4
Suppose 3*v - 4*m + 2 - 5 = 0, -5 = -5*v - 2*m. Let c(b) = -6*b + 1. What is c(v)?
-5
Let l be -1*(-3 - 4)/(-1). Let k(a) = a**3 + 6*a**2 - 7*a - 8. What is k(l)?
-8
Let j(u) = -9 + 7*u**2 + 13 + 0 + 7 + 6*u - u**3. Calculate j(8).
-5
Suppose 3*b + c = 11, 6 = b - 4*c + 2*c. Let y(j) = -j + 1. Let l(h) = 4*h - 3. Suppose -3*x = -2*x + 1. Let u(w) = x*l(w) - 6*y(w). Calculate u(b).
5
Let s(m) = -1. Let c(k) = 5*k + 8. Let l(r) = c(r) + 4*s(r). What is l(-5)?
-21
Let o(y) = y - 3. Let f(i) = 1. Let x(v) = -5*f(v) - o(v). Suppose 0*d = -2*d + 4*w - 18, -2*w + 4 = 4*d. Give x(d).
-1
Suppose -3 = l - 9. Let g(t) be the first derivative of t**2/2 - 5*t + 1. Give g(l).
1
Let y(a) = a + 5. Let p(x) = -x + 6. Let o be p(0). Let g = o + -6. What is y(g)?
5
Let g(c) be the third derivative of 0*c + 0 - 1/60*c**5 + 5/24*c**4 + 1/6*c**3 - 2*c**2. Determine g(5).
1
Let h(w) = -9*w**2 + 19*w + 16. Let q(o) = 5*o**2 - 10*o - 8. Let c(b) = 4*h(b) + 7*q(b). What is c(6)?
8
Let l be (2/4)/((-3)/12). Let g(s) = s**3 + 4*s**2 + 2. What is g(l)?
10
Suppose 20 = -i - 2*r, 2*i - r + 10 = r. Let a be 4/(-10) - 4/i. Suppose -d = 2*v - 5 + 1, -v - 3*d - 3 = a. Let k(j) = j**3 - 4*j**2 + 2*j. Determine k(v).
-3
Let l(g) = -g - 7. Let w(v) = v + 6. Let d(k) = 3*l(k) + 2*w(k). Suppose -15*f = -12*f - 30. Suppose f = -5*s, -2 = 3*b - 0*s + s. Give d(b).
-9
Let i(m) = 8*m**2 + 6*m + 5. Let k(a) = -a**2 - a - 1. Let j(l) = -i(l) - 6*k(l). What is j(-1)?
-1
Let n(j) = 0*j + 3*j + 3*j - 5*j. Let h(d) = -3*d. Suppose -4*t = -5*t - 8. Let p(k) = t*n(k) - 3*h(k). Calculate p(3).
3
Let k(r) be the third derivative of r**4/24 + 2*r**3/3 - 23*r**2. Determine k(-3).
1
Suppose 4*z = z + 2*j + 30, 34 = 5*z + 2*j. Let x = 10 - z. Suppose x + 3 = -i. Let c(t) = -2*t - 4. What is c(i)?
6
Let v(w) be the first derivative of -w**5/30 + w**3/6 - w**2 - 3. Let h(t) be the second derivative of v(t). Give h(-2).
-7
Let w(x) = 6*x. Let a = 15 + -14. Calculate w(a).
6
Let l = 3 + 2. Let y = 8 - l. Let q(k) = k**2 - 2*k - 3. Determine q(y).
0
Let i(o) be the first derivative of o**3/6 + o**2/2 + 3*o - 4. Let m(j) be the first derivative of i(j). Calculate m(0).
1
Let k(d) = -3*d - 1. Let x(v) = 2*v**3 - 9*v**2 - 11*v + 7. Let s(b) = -b**3 + 5*b**2 + 6*b - 3. Let l(m) = 5*s(m) + 2*x(m). Let a be l(8). Calculate k(a).
2
Let v(i) = 6*i**3 + i**2 + 2*i + 1. Let b = -20 - -19. Determine v(b).
-6
Let x(k) = -2*k - 3. Suppose -5*s - 9 = 11. Calculate x(s).
5
Suppose 3*g - 3 = 30. Let n(x) = 0 - g*x - 8 + 12*x. Determine n(0).
-8
Suppose 3*n + n = 2*z - 18, 29 = -2*n + 5*z. Let k be n*((-1)/(-2) + -3). Suppose 5*t = 3*t + k*o + 3, 2*t = -5*o - 7. Let v(w) = -6*w - 1. What is v(t)?
5
Suppose 4*c - 21 = c. Suppose -5*j + 8 + c = 0. Suppose -2*k - 17 = -4*z - 3*k, -4*z = j*k - 27. Let u(p) = p**3 - p**2 - 4*p + 1. Determine u(z).
7
Suppose 4*a - 9*a = 0. Suppose 0 = -5*s + 20, -2*s = 2*r - 11 + 1. Let g be a/r*(-2)/4. Let m(d) = d. What is m(g)?
0
Let i(u) = -5*u**3 - 41*u**2 - 35. Let s(g) = g**3 + 8*g**2 + 7. Let a(c) = -2*i(c) - 11*s(c). Give a(-6).
-7
Let x(d) = -6*d + 7*d - 5*d. Determine x(-2).
8
Let d be 3 + -1 + -3 + 6. Let p(l) = l**2 - 3*l - 5. Let x(a) = 2*a**2 - 6*a - 10. Suppose 4*n - 3 = -23. Let b(r) = n*p(r) + 2*x(r). Give b(d).
-5
Let r(v) = v**3 - 4*v**2 - 5*v. Suppose -3*k - 15 = -3*c, 0 = -2*c - 2*c + 8. Let d be k/2*24/(-9). Suppose 31 = 3*j - d*o, j + 6*o - 2*o = -11. Determine r(j).
0
Let u(p) = -2*p**2 + 53*p + 26. Let f be u(27). Let h(w) = w + 1. Let m(l) = 6*l + 3. Let n(j) = 3*h(j) - m(j). What is n(f)?
3
Suppose -42 = -5*k - 2*k. Let d(v) = -v + 7. Determine d(k).
1
Suppose 0 = 5*b - 14 + 4. Let m(k) = 10 + k**b - 22 + 5*k + 11. Calculate m(-6).
5
Let y be (-20)/(-2)*2/(-4). Let o = y - -2. Let s(h) be the first derivative of h**2/2 + 5*h + 4. What is s(o)?
2
Suppose u + 10 = -4*c, -4*u + 1 = 2*c + 13. Let k(l) = -2*l**2 + 3*l - 4. Let a(i) = -5*i**2 + 8*i - 11. Let h(y) = 3*a(y) - 8*k(y). Calculate h(u).
3
Let v(d) be the first derivative of d**2/2 + d + 10. Let o(n) = -n**3 - 7*n**2 - 6*n + 4. Let y be o(-6). What is v(y)?
5
Let j(x) = -x**2 + 1 - 5 + 2*x**2. Let n be 2/(-7) - (-2)/7. Let c = n - 3. What is j(c)?
5
Let p(d) be the third derivative of -d**5/60 - 5*d**4/24 + d**3/6 + 6*d**2. What is p(-6)?
-5
Let d(x) = 10*x + 7. Let c = -7 - -2. Let l(p) = 11*p + 8. Let v(f) = c*l(f) + 6*d(f). Suppose 2*a - 4*a - 2 = j, 2*a - 4 = 2*j. Give v(j).
-8
Suppose l = -3*w - 4*l - 18, -5*w = l + 30. Let b(g) = -g**3 - 5*g**2 + 5*g - 5. Determine b(w).
1
Let f(b) = -b**2 + 7*b + 2. Let m(h) = -3*h**2 + 21*h + 5. Let k(g) = -8*f(g) + 3*m(g). Suppose -8 = -4*u, j + 4*j = -2*u + 34. Calculate k(j).
5
Let i(o) = -o**2 + 6*o + 2. Let t be i(5). Suppose -2*c + 5 = -t*c. Let b(k) = 1. Let p(l) = 4*l - 3. Let d(r) = -4*b(r) - p(r). Determine d(c).
3
Let l(n) = 20*n - 20. Let p(o) = 7*o - 7. Let j(f) = -6*l(f) + 17*p(f). Suppose 4 + 0 = -2*k. Let g = k - -7. Calculate j(g).
-4
Let f(b) be the third derivative of -b**5/60 + b**4/24 + 2*b**3/3 - 12*b**2. Let a = -3 - 0. Give f(a).
-8
Let q(k) = -k**3 + 1 - 5*k**2 + 1 - k + 6*k. Suppose 3*l + 15 = 3*d, -5*l + 2 = d + 33. Determine q(l).
8
Suppose 4*c = -4, 2*g - 4*g = 4*c + 4. Let z(t) = -t**3 - t**2 - t - 8. What is z(g)?
-8
Suppose -5 + 1 = 4*i. Let s(w) = w**3 + w**2 - w - 1. Let n be s(0). Let v(a) = 3*a**2 + 2*a - 1. Let m(b) = b. Let d(r) = n*v(r) + 3*m(r). What is d(i)?
-3
Let y(p) be the third derivative of -p**6/120 + p**5/30 - p**4/8 + p**3/3 - p**2. Let x(h) = h**2 - 4*h + 2. Let v be x(0). What is y(v)?
-4
Let c(m) = -5*m + 3. Let h(p) = 9*p - 6. Let a(g) = 7*c(g) + 4*h(g). What is a(-5)?
-8
Let g be (-8)/(-2) - (-3)/3. Suppose -2*s = -5*s + 9. Let c(m) = -3*m**2 - 2*m**2 - 2 + m**s + 4*m - 2 - m**2. What is c(g)?
-9
Let i(k) be the second derivative of -k**5/20 - 5*k**4/12 - 2*k**3/3 + k**2 - 11*k. Give i(-4).
2
Let v = -3 + -3. Let p(l) be the second derivative of -l**4/12 - 7*l**3/6 - 4*l**2 + 16*l - 3. Determine p(v).
-2
Let a(n) = 2*n**2 + n + 4. Let r be a(0). Let u(v) be the first derivative of r - 1/2*v**2 - 10*v. Calculate u(0).
-10
Let s = -39 + 41. Let h(o) = o**3 - 2*o**2 + 4*o - 2. Give h(s).
6
Suppose n = -2*n - 9. Let x = n + 4. Let a(q) = -1 + q + x. Calculate a(-5).
-5
Let p be -3*2*(-2)/4. Suppose p*l + l = 20. Let q(t) be the second derivative of -t**5/20 + 5*t**4/12 - t**3/6 + 2*t**2 + t. What is q(l)?
-1
Suppose -3*x = -x. Let s(f) = -2*f - 6 + f + x*f. Give s(0).
-6
Let d(a) be the second derivative of -a**4/12 - 2*a**3/3 + 5*a**2/2 + 6*a. Let z(u) = u**3 + 4*u**2 - 4*u + 1. Let x be z(-5). Give d(x).
5
Suppose 4*a + a = -45. Let s = a - -12. Let b(x) = 0*x - s*x + 0*x + 2*x. What is b(-5)?
5
Let p(n) be the first derivative of 2*n - 2/3*n**3 + 3/2*n**2 - 1 + 5/4*n**4. Let x(j) = 14*j**3 - 7*j**2 + 8*j + 7. Let r(c) = 11*p(c) - 4*x(c). What is r(6)?
0
Let d(f) = -f**2 - 3*f + 1. Let u(l) = l**2 - 3*l + 2. Let a be u(2). Suppose 5*q + 34 - 9 = a. What is d(q)?
-9
Let g(j) = -6*j**3 + 9*j**2 + 15*j - 10. Let p(f) = f**3 - 2*f**2 - 3*f + 2. Let l(d) = 2*g(d) + 11*p(d). Calculate l(-3).
2
Suppose 11*b - 10*b = -6. Let q(r) = -2*r - 5. Give q(b).
7
Let j = 9 - -21. Suppose -2*g + j = 3*g. Let h be (1/3)/(2/g). Let w(z) = -5*z**3 + z**2 - z. What is w(h)?
-5
Let q be (-9)/(-6)*-4 - (-1 - 2). Let a(c) = -c + 4. Determine a(q).
7
Let g(u) = -5*u - 1. Let h be 3/(-2) - 203/(-14). Let i = h + -11. What is g(i)?
-11
Let a(k) = -12*k + 15*k + 4 + 6*k. Let o(i) = 5*i + 2. Suppose -10 = -3*w + 2*y + 1, w + 2*y - 1 = 0. Let x(d) = w*a(d) - 5*o(d). Calculate x(-2).
-2
Let x(v) = -v - 6. Let j be x(-5). Let s be (-3)/2 + j/(-2). Let p(w) 